{"id":56,"date":"2019-10-02T22:39:46","date_gmt":"2019-10-02T22:39:46","guid":{"rendered":"https:\/\/lb-fertigungsservice.de\/wp\/?page_id=56"},"modified":"2023-03-06T08:42:57","modified_gmt":"2023-03-06T08:42:57","slug":"fertigung","status":"publish","type":"page","link":"https:\/\/lb-fertigungsservice.de\/?page_id=56","title":{"rendered":"Fertigung &#8211; Fr\u00e4sen"},"content":{"rendered":"\n<div class=\"wp-block-cover alignwide is-light has-parallax\"><span aria-hidden=\"true\" class=\"wp-block-cover__background has-background-dim\"><\/span><div role=\"img\" class=\"wp-block-cover__image-background wp-image-72 has-parallax\" style=\"background-position:50% 50%;background-image:url(https:\/\/lb-fertigungsservice.de\/wp-content\/uploads\/2019\/10\/drill-444489_1920.jpg)\"><\/div><div class=\"wp-block-cover__inner-container is-layout-flow wp-block-cover-is-layout-flow\">\n<p class=\"has-text-align-center has-base-3-color has-text-color has-large-font-size\"><strong>Fertigungsm\u00f6glichkeiten<\/strong><\/p>\n\n\n\n<p class=\"has-text-align-center has-base-3-color has-text-color has-medium-font-size\">&#8211; Fr\u00e4sen &#8211;<\/p>\n<\/div><\/div>\n\n\n\n<div style=\"height:20px\" aria-hidden=\"true\" class=\"wp-block-spacer\"><\/div>\n\n\n\n<h2 class=\"wp-block-heading\"><strong>Unser Maschinenpark<\/strong><\/h2>\n\n\n\n<div style=\"height:20px\" aria-hidden=\"true\" class=\"wp-block-spacer\"><\/div>\n\n\n\n<div class=\"wp-block-columns alignwide has-2-columns is-layout-flex wp-container-core-columns-is-layout-1 wp-block-columns-is-layout-flex\">\n<div class=\"wp-block-column is-layout-flow wp-block-column-is-layout-flow\">\n<figure class=\"wp-block-image\"><img loading=\"lazy\" decoding=\"async\" width=\"1024\" height=\"809\" src=\"https:\/\/lb-fertigungsservice.de\/wp-content\/uploads\/2019\/10\/VM20i-plus-MAX5-1024x809.png\" alt=\"\" class=\"wp-image-132\" srcset=\"https:\/\/lb-fertigungsservice.de\/wp-content\/uploads\/2019\/10\/VM20i-plus-MAX5-1024x809.png 1024w, https:\/\/lb-fertigungsservice.de\/wp-content\/uploads\/2019\/10\/VM20i-plus-MAX5-300x237.png 300w, https:\/\/lb-fertigungsservice.de\/wp-content\/uploads\/2019\/10\/VM20i-plus-MAX5-768x607.png 768w\" sizes=\"auto, (max-width: 1024px) 100vw, 1024px\" \/><\/figure>\n<\/div>\n\n\n\n<div class=\"wp-block-column is-layout-flow wp-block-column-is-layout-flow\">\n<p><\/p>\n\n\n\n<h3 class=\"has-text-align-center wp-block-heading\"><strong>Hurco VM20i<\/strong><\/h3>\n\n\n\n<p class=\"has-text-align-center\"> Verfahrwege X= 1.016mm | Y= 508mm | Z= 508mm <\/p>\n\n\n<div class=\"wp-block-image\">\n<figure class=\"aligncenter is-resized\"><a href=\"http:\/\/hurco.de\" target=\"_blank\" rel=\"noreferrer noopener\"><img loading=\"lazy\" decoding=\"async\" src=\"https:\/\/lb-fertigungsservice.de\/wp-content\/uploads\/2019\/10\/Hurco_large_tag-1024x341.png\" alt=\"\" class=\"wp-image-133\" width=\"150\" height=\"65\"\/><\/a><\/figure><\/div><\/div>\n<\/div>\n\n\n\n<div class=\"wp-block-columns alignwide has-2-columns is-layout-flex wp-container-core-columns-is-layout-2 wp-block-columns-is-layout-flex\">\n<div class=\"wp-block-column is-layout-flow wp-block-column-is-layout-flow\">\n<h3 class=\"wp-block-heading\"><\/h3>\n\n\n\n<h3 class=\"has-text-align-center wp-block-heading\"><strong>Hurco BMC 40\/20M<\/strong><\/h3>\n\n\n\n<p class=\"has-text-align-center\"> Verfahrwege X= 1016mm | Y= 510mm | Z= 610mm <\/p>\n\n\n<div class=\"wp-block-image\">\n<figure class=\"aligncenter is-resized\"><a href=\"http:\/\/hurco.de\" target=\"_blank\" rel=\"noreferrer noopener\"><img loading=\"lazy\" decoding=\"async\" src=\"https:\/\/lb-fertigungsservice.de\/wp-content\/uploads\/2019\/10\/Hurco_large_tag-1024x341.png\" alt=\"\" class=\"wp-image-133\" width=\"150\" height=\"65\"\/><\/a><\/figure><\/div>\n\n\n<p><\/p>\n<\/div>\n\n\n\n<div class=\"wp-block-column is-layout-flow wp-block-column-is-layout-flow\">\n<figure class=\"wp-block-image\"><img loading=\"lazy\" decoding=\"async\" width=\"1024\" height=\"767\" src=\"https:\/\/lb-fertigungsservice.de\/wp-content\/uploads\/2019\/10\/BMC4020-U3-4-1024x767.png\" alt=\"\" class=\"wp-image-159\" srcset=\"https:\/\/lb-fertigungsservice.de\/wp-content\/uploads\/2019\/10\/BMC4020-U3-4-1024x767.png 1024w, https:\/\/lb-fertigungsservice.de\/wp-content\/uploads\/2019\/10\/BMC4020-U3-4-300x225.png 300w, https:\/\/lb-fertigungsservice.de\/wp-content\/uploads\/2019\/10\/BMC4020-U3-4-768x575.png 768w, https:\/\/lb-fertigungsservice.de\/wp-content\/uploads\/2019\/10\/BMC4020-U3-4.png 1846w\" sizes=\"auto, (max-width: 1024px) 100vw, 1024px\" \/><\/figure>\n<\/div>\n<\/div>\n\n\n\n<div class=\"wp-block-columns alignwide has-2-columns is-layout-flex wp-container-core-columns-is-layout-3 wp-block-columns-is-layout-flex\">\n<div class=\"wp-block-column is-layout-flow wp-block-column-is-layout-flow\">\n<figure class=\"wp-block-image\"><img loading=\"lazy\" decoding=\"async\" width=\"1024\" height=\"850\" src=\"https:\/\/lb-fertigungsservice.de\/wp-content\/uploads\/2019\/10\/BMC30M-mit-U3-4-1024x850.png\" alt=\"\" class=\"wp-image-162\" srcset=\"https:\/\/lb-fertigungsservice.de\/wp-content\/uploads\/2019\/10\/BMC30M-mit-U3-4-1024x850.png 1024w, https:\/\/lb-fertigungsservice.de\/wp-content\/uploads\/2019\/10\/BMC30M-mit-U3-4-300x249.png 300w, https:\/\/lb-fertigungsservice.de\/wp-content\/uploads\/2019\/10\/BMC30M-mit-U3-4-768x637.png 768w\" sizes=\"auto, (max-width: 1024px) 100vw, 1024px\" \/><\/figure>\n<\/div>\n\n\n\n<div class=\"wp-block-column is-layout-flow wp-block-column-is-layout-flow\">\n<p><\/p>\n\n\n\n<h3 class=\"has-text-align-center wp-block-heading\"><strong>Hurco BMC 30M<\/strong><\/h3>\n\n\n\n<p class=\"has-text-align-center\">  mit 4ter Achse<\/p>\n\n\n\n<p class=\"has-text-align-center\">Verfahrwege X= 762mm | Y= 458mm | Z= 610mm&nbsp; <\/p>\n\n\n<div class=\"wp-block-image\">\n<figure class=\"aligncenter is-resized\"><a href=\"http:\/\/hurco.de\" target=\"_blank\" rel=\"noreferrer noopener\"><img loading=\"lazy\" decoding=\"async\" src=\"https:\/\/lb-fertigungsservice.de\/wp-content\/uploads\/2019\/10\/Hurco_large_tag-1024x341.png\" alt=\"\" class=\"wp-image-133\" width=\"150\" height=\"65\"\/><\/a><\/figure><\/div><\/div>\n<\/div>\n\n\n\n<div class=\"wp-block-columns alignwide are-vertically-aligned-top has-2-columns has-base-2-background-color has-background is-layout-flex wp-container-core-columns-is-layout-4 wp-block-columns-is-layout-flex\">\n<div class=\"wp-block-column is-vertically-aligned-top is-layout-flow wp-block-column-is-layout-flow\">\n<h3 class=\"wp-block-heading\"><\/h3>\n\n\n\n<h3 class=\"has-text-align-center wp-block-heading\"> <strong>3D CAD\/CAM Software<\/strong> <\/h3>\n\n\n\n<p class=\"has-text-align-center\">  Wir sind in der Lage Werkst\u00fccke <br>nach Ihren Vorgaben mit <br>h\u00f6chster Pr\u00e4zision herzustellen. <br><br>Das bearbeiten mit 3D-Datens\u00e4tzen <br>ist f\u00fcr uns kein Problem.  <\/p>\n\n\n<div class=\"wp-block-image\">\n<figure class=\"aligncenter size-large is-resized\"><a href=\"https:\/\/www.hsmtec.de\/\" target=\"_blank\" rel=\"noopener noreferrer\"><img loading=\"lazy\" decoding=\"async\" src=\"https:\/\/lb-fertigungsservice.de\/wp-content\/uploads\/2020\/11\/HSMTEC_Logo.png\" alt=\"\" class=\"wp-image-350\" width=\"208\" height=\"93\" srcset=\"https:\/\/lb-fertigungsservice.de\/wp-content\/uploads\/2020\/11\/HSMTEC_Logo.png 607w, https:\/\/lb-fertigungsservice.de\/wp-content\/uploads\/2020\/11\/HSMTEC_Logo-300x134.png 300w\" sizes=\"auto, (max-width: 208px) 100vw, 208px\" \/><\/a><\/figure><\/div>\n\n\n<p><\/p>\n<\/div>\n\n\n\n<div class=\"wp-block-column is-vertically-aligned-top is-layout-flow wp-block-column-is-layout-flow\">\n<figure class=\"wp-block-image\"><img loading=\"lazy\" decoding=\"async\" width=\"855\" height=\"534\" src=\"https:\/\/lb-fertigungsservice.de\/wp-content\/uploads\/2019\/10\/best-cad-software1.png\" alt=\"\" class=\"wp-image-165\" srcset=\"https:\/\/lb-fertigungsservice.de\/wp-content\/uploads\/2019\/10\/best-cad-software1.png 855w, https:\/\/lb-fertigungsservice.de\/wp-content\/uploads\/2019\/10\/best-cad-software1-300x187.png 300w, https:\/\/lb-fertigungsservice.de\/wp-content\/uploads\/2019\/10\/best-cad-software1-768x480.png 768w\" sizes=\"auto, (max-width: 855px) 100vw, 855px\" \/><\/figure>\n<\/div>\n<\/div>\n\n\n\n<div class=\"wp-block-columns alignwide has-2-columns is-layout-flex wp-container-core-columns-is-layout-5 wp-block-columns-is-layout-flex\">\n<div class=\"wp-block-column is-layout-flow wp-block-column-is-layout-flow\">\n<p><\/p>\n\n\n\n<h3 class=\"has-text-align-center wp-block-heading\"><strong>Wagner WMB 2000<\/strong><\/h3>\n\n\n\n<p class=\"has-text-align-center\">Verfahrwege X= 2000mm | Y= 1000mm | Z= 970mm\u00a0 <\/p>\n<\/div>\n\n\n\n<div class=\"wp-block-column is-layout-flow wp-block-column-is-layout-flow\">\n<figure class=\"wp-block-image size-full\"><img loading=\"lazy\" decoding=\"async\" width=\"797\" height=\"523\" src=\"https:\/\/lb-fertigungsservice.de\/wp-content\/uploads\/2023\/03\/wagner-wmb2000.png\" alt=\"\" class=\"wp-image-429\" srcset=\"https:\/\/lb-fertigungsservice.de\/wp-content\/uploads\/2023\/03\/wagner-wmb2000.png 797w, https:\/\/lb-fertigungsservice.de\/wp-content\/uploads\/2023\/03\/wagner-wmb2000-300x197.png 300w, https:\/\/lb-fertigungsservice.de\/wp-content\/uploads\/2023\/03\/wagner-wmb2000-768x504.png 768w\" sizes=\"auto, (max-width: 797px) 100vw, 797px\" \/><\/figure>\n<\/div>\n<\/div>\n\n\n\n<div class=\"wp-block-columns alignwide has-2-columns is-layout-flex wp-container-core-columns-is-layout-6 wp-block-columns-is-layout-flex\">\n<div class=\"wp-block-column is-layout-flow wp-block-column-is-layout-flow\">\n<figure class=\"wp-block-image is-resized\"><img loading=\"lazy\" decoding=\"async\" src=\"https:\/\/lb-fertigungsservice.de\/wp-content\/uploads\/2019\/10\/mh700-1024x601.png\" alt=\"\" class=\"wp-image-171\" width=\"623\" height=\"365\" srcset=\"https:\/\/lb-fertigungsservice.de\/wp-content\/uploads\/2019\/10\/mh700-1024x601.png 1024w, https:\/\/lb-fertigungsservice.de\/wp-content\/uploads\/2019\/10\/mh700-300x176.png 300w, https:\/\/lb-fertigungsservice.de\/wp-content\/uploads\/2019\/10\/mh700-768x451.png 768w\" sizes=\"auto, (max-width: 623px) 100vw, 623px\" \/><\/figure>\n\n\n\n<p><\/p>\n<\/div>\n\n\n\n<div class=\"wp-block-column is-layout-flow wp-block-column-is-layout-flow\">\n<p><\/p>\n\n\n\n<h3 class=\"has-text-align-center wp-block-heading\"><strong>Maho MH 700 C<\/strong><\/h3>\n\n\n\n<p class=\"has-text-align-center\">Verfahrwege X= 700mm | Y= 450mm | Z= 500mm&nbsp; <\/p>\n<\/div>\n<\/div>\n\n\n\n<h3 class=\"wp-block-heading\"><strong>Zus\u00e4tzliche Fertigungsm\u00f6glichkeiten<\/strong>:<\/h3>\n\n\n\n<figure class=\"wp-block-table is-style-stripes\"><table class=\"has-fixed-layout\"><tbody><tr><td><strong>In Zusammenarbeit mit unseren langj\u00e4hrigen Gesch\u00e4ftspartnern ist es uns m\u00f6glich Teile aus Aluminium zu eloxieren (auch farblich) und zu hartcoartieren<\/strong>.<\/td><\/tr><tr><td><strong>Ebenfalls in Kooperation mit unseren Gesch\u00e4ftspartnern bieten wir spezielle W\u00e4rmebehandlungen, zur ver\u00e4nderung der Werkstoffeigenschaften, an. Beispielsweise &#8222;Oxidieren&#8220;, &#8222;Gasnitrieren&#8220; und &#8222;H\u00e4rten&#8220;<\/strong><\/td><\/tr><\/tbody><\/table><\/figure>\n\n\n\n<div style=\"height:32px\" aria-hidden=\"true\" class=\"wp-block-spacer\"><\/div>\n\n\n\n<div class=\"wp-block-button aligncenter\"><a class=\"wp-block-button__link wp-element-button\" href=\"?page_id=61\">Kontakieren Sie uns<\/a><\/div>\n","protected":false},"excerpt":{"rendered":"<p>Unser Maschinenpark Hurco VM20i Verfahrwege X= 1.016mm | Y= 508mm | Z= 508mm Hurco BMC 40\/20M Verfahrwege X= 1016mm | Y= 510mm | Z= 610mm Hurco BMC 30M mit 4ter Achse Verfahrwege X= 762mm | Y= 458mm | Z= 610mm&nbsp; 3D CAD\/CAM Software Wir sind in der Lage Werkst\u00fccke nach Ihren Vorgaben mit h\u00f6chster Pr\u00e4zision &#8230; <a title=\"Fertigung &#8211; Fr\u00e4sen\" class=\"read-more\" href=\"https:\/\/lb-fertigungsservice.de\/?page_id=56\" aria-label=\"Mehr Informationen \u00fcber Fertigung &#8211; Fr\u00e4sen\">Weiterlesen<\/a><\/p>\n","protected":false},"author":1,"featured_media":0,"parent":0,"menu_order":0,"comment_status":"closed","ping_status":"closed","template":"","meta":{"footnotes":""},"class_list":["post-56","page","type-page","status-publish"],"_links":{"self":[{"href":"https:\/\/lb-fertigungsservice.de\/index.php?rest_route=\/wp\/v2\/pages\/56","targetHints":{"allow":["GET"]}}],"collection":[{"href":"https:\/\/lb-fertigungsservice.de\/index.php?rest_route=\/wp\/v2\/pages"}],"about":[{"href":"https:\/\/lb-fertigungsservice.de\/index.php?rest_route=\/wp\/v2\/types\/page"}],"author":[{"embeddable":true,"href":"https:\/\/lb-fertigungsservice.de\/index.php?rest_route=\/wp\/v2\/users\/1"}],"replies":[{"embeddable":true,"href":"https:\/\/lb-fertigungsservice.de\/index.php?rest_route=%2Fwp%2Fv2%2Fcomments&post=56"}],"version-history":[{"count":42,"href":"https:\/\/lb-fertigungsservice.de\/index.php?rest_route=\/wp\/v2\/pages\/56\/revisions"}],"predecessor-version":[{"id":432,"href":"https:\/\/lb-fertigungsservice.de\/index.php?rest_route=\/wp\/v2\/pages\/56\/revisions\/432"}],"wp:attachment":[{"href":"https:\/\/lb-fertigungsservice.de\/index.php?rest_route=%2Fwp%2Fv2%2Fmedia&parent=56"}],"curies":[{"name":"wp","href":"https:\/\/api.w.org\/{rel}","templated":true}]}}