{"id":67,"date":"2019-10-02T22:41:26","date_gmt":"2019-10-02T22:41:26","guid":{"rendered":"https:\/\/lb-fertigungsservice.de\/wp\/?page_id=67"},"modified":"2023-03-06T08:01:53","modified_gmt":"2023-03-06T08:01:53","slug":"anfahrt","status":"publish","type":"page","link":"https:\/\/lb-fertigungsservice.de\/?page_id=67","title":{"rendered":"Anfahrt"},"content":{"rendered":"\n<p><\/p>\n\n\n\n<p><\/p>\n\n\n\n<p class=\"has-text-align-center\"><strong>Google Maps Einbindung mit der neuen Adresse folgt&#8230;<\/strong><\/p>\n\n\n\n<p class=\"has-text-align-center\">LB-Fertigungsservice GmbH<br>Riedstr. 15<br>61137 Sch\u00f6neck-B\u00fcdesheim<br>(auf dem Hof geradeaus, nach dem kleinen wei\u00dfen Anbau links)<\/p>\n\n\n\n<p class=\"has-text-align-center\">Soweit bitte folgenden Link benutzen: <a href=\"https:\/\/www.google.com\/maps\/place\/Riedstra%C3%9Fe+15,+61137+Sch%C3%B6neck\/@50.220032,8.8342613,135m\/data=!3m1!1e3!4m16!1m9!4m8!1m3!2m2!1d8.8333365!2d50.2199113!1m3!2m2!1d8.8343185!2d50.22008!3m5!1s0x47bd1b201b58c18f:0x2f63fe0c9bc3ddc2!8m2!3d50.2198549!4d8.8340763!16s%2Fg%2F11c4nm9p17\" target=\"_blank\" rel=\"noreferrer noopener\">https:\/\/tinyurl.com\/lbfertigungaufgooglemaps<\/a><\/p>\n\n\n\n<p><\/p>\n\n\n\n<p><\/p>\n\n\n\n<div class=\"wp-block-button aligncenter\"><a class=\"wp-block-button__link wp-element-button\" href=\"?page_id=61\">Kontaktieren Sie uns<\/a><\/div>\n\n\n\n<p><\/p>\n","protected":false},"excerpt":{"rendered":"<p>Google Maps Einbindung mit der neuen Adresse folgt&#8230; LB-Fertigungsservice GmbHRiedstr. 1561137 Sch\u00f6neck-B\u00fcdesheim(auf dem Hof geradeaus, nach dem kleinen wei\u00dfen Anbau links) Soweit bitte folgenden Link benutzen: https:\/\/tinyurl.com\/lbfertigungaufgooglemaps<\/p>\n","protected":false},"author":1,"featured_media":0,"parent":0,"menu_order":0,"comment_status":"closed","ping_status":"closed","template":"","meta":{"footnotes":""},"class_list":["post-67","page","type-page","status-publish"],"_links":{"self":[{"href":"https:\/\/lb-fertigungsservice.de\/index.php?rest_route=\/wp\/v2\/pages\/67","targetHints":{"allow":["GET"]}}],"collection":[{"href":"https:\/\/lb-fertigungsservice.de\/index.php?rest_route=\/wp\/v2\/pages"}],"about":[{"href":"https:\/\/lb-fertigungsservice.de\/index.php?rest_route=\/wp\/v2\/types\/page"}],"author":[{"embeddable":true,"href":"https:\/\/lb-fertigungsservice.de\/index.php?rest_route=\/wp\/v2\/users\/1"}],"replies":[{"embeddable":true,"href":"https:\/\/lb-fertigungsservice.de\/index.php?rest_route=%2Fwp%2Fv2%2Fcomments&post=67"}],"version-history":[{"count":10,"href":"https:\/\/lb-fertigungsservice.de\/index.php?rest_route=\/wp\/v2\/pages\/67\/revisions"}],"predecessor-version":[{"id":425,"href":"https:\/\/lb-fertigungsservice.de\/index.php?rest_route=\/wp\/v2\/pages\/67\/revisions\/425"}],"wp:attachment":[{"href":"https:\/\/lb-fertigungsservice.de\/index.php?rest_route=%2Fwp%2Fv2%2Fmedia&parent=67"}],"curies":[{"name":"wp","href":"https:\/\/api.w.org\/{rel}","templated":true}]}}